{"id":15,"date":"2022-11-21T07:42:13","date_gmt":"2022-11-21T07:42:13","guid":{"rendered":"https:\/\/seyhan.av.tr\/?page_id=15"},"modified":"2022-11-21T07:42:13","modified_gmt":"2022-11-21T07:42:13","slug":"calisma-alanlarimiz","status":"publish","type":"page","link":"https:\/\/seyhan.av.tr\/?page_id=15","title":{"rendered":"\u00c7al\u0131\u015fma Alanlar\u0131m\u0131z"},"content":{"rendered":"\n<div class=\"wp-block-columns alignfull has-text-color has-background is-layout-flex wp-container-core-columns-is-layout-9d6595d7 wp-block-columns-is-layout-flex\" style=\"color:#000000;background-color:#ffffff\">\n<div class=\"wp-block-column is-layout-flow wp-block-column-is-layout-flow\"><div class=\"wp-block-image\">\n<figure class=\"aligncenter size-full\"><img loading=\"lazy\" decoding=\"async\" width=\"100\" height=\"100\" src=\"https:\/\/seyhan.av.tr\/wp-content\/uploads\/2022\/11\/icons8-business-building-100.png\" alt=\"\" class=\"wp-image-16\"\/><\/figure>\n<\/div>\n\n\n<h3 class=\"alignwide has-text-align-center wp-block-heading\" style=\"font-size:24px;line-height:1.3\"><strong><a href=\"http:\/\/wordpress.org\">Ticaret Hukuku \u2197<\/a><\/strong><\/h3>\n\n\n\n<p>Ticaret Hukuku alan\u0131nda t\u00fczel ve ger\u00e7ek ki\u015filere geni\u015f bir yelpazede dan\u0131\u015fmanl\u0131k hizmeti veriyoruz<\/p>\n\n\n<div class=\"wp-block-image\">\n<figure class=\"aligncenter size-full\"><img loading=\"lazy\" decoding=\"async\" width=\"100\" height=\"100\" src=\"https:\/\/seyhan.av.tr\/wp-content\/uploads\/2022\/11\/icons8-enforcement-100.png\" alt=\"\" class=\"wp-image-19\"\/><\/figure>\n<\/div>\n\n\n<h3 class=\"has-text-align-center wp-block-heading\" style=\"font-size:24px;line-height:1.3\"><strong><a href=\"http:\/\/wordpress.org\">\u0130cra Hukuku \u2197<\/a><\/strong><\/h3>\n\n\n\n<p>\u0130cra Hukuku alan\u0131nda ba\u015ftan a\u015fa\u011f\u0131 t\u00fcm s\u00fcre\u00e7lerde m\u00fcvekkillerimize hukuki dan\u0131\u015fmanl\u0131k hizmeti vermekteyiz<\/p>\n<\/div>\n\n\n\n<div class=\"wp-block-column is-layout-flow wp-block-column-is-layout-flow\"><div class=\"wp-block-image\">\n<figure class=\"aligncenter size-full\"><img loading=\"lazy\" decoding=\"async\" width=\"100\" height=\"100\" src=\"https:\/\/seyhan.av.tr\/wp-content\/uploads\/2022\/11\/icons8-fingerprint-100.png\" alt=\"\" class=\"wp-image-17\"\/><\/figure>\n<\/div>\n\n\n<h3 class=\"has-text-align-center wp-block-heading\" style=\"font-size:24px;line-height:1.3\"><strong><a href=\"https:\/\/wordpress.org\">Ceza Hukuku\u2197<\/a><\/strong><\/h3>\n\n\n\n<p>Ceza Hukuku alan\u0131nda m\u00fcvekkillerimize en g\u00fcvenilir hizmeti sa\u011fl\u0131yoruz<\/p>\n<\/div>\n\n\n\n<div class=\"wp-block-column is-layout-flow wp-block-column-is-layout-flow\"><div class=\"wp-block-image\">\n<figure class=\"aligncenter size-full\"><img loading=\"lazy\" decoding=\"async\" width=\"100\" height=\"100\" src=\"https:\/\/seyhan.av.tr\/wp-content\/uploads\/2022\/11\/icons8-family-100.png\" alt=\"\" class=\"wp-image-18\"\/><\/figure>\n<\/div>\n\n\n<h3 class=\"has-text-align-center wp-block-heading\" style=\"font-size:24px;line-height:1.3\"><strong><a href=\"https:\/\/wordpress.org\">Aile Hukuku \u2197<\/a><\/strong><\/h3>\n\n\n\n<p>Aile Hukuku alan\u0131nda geni\u015f bir alanda dan\u0131\u015fmanl\u0131k hizmeti vermekteyiz<\/p>\n<\/div>\n<\/div>\n","protected":false},"excerpt":{"rendered":"<p>Ticaret Hukuku \u2197 Ticaret Hukuku alan\u0131nda t\u00fczel ve ger\u00e7ek ki\u015filere geni\u015f bir yelpazede dan\u0131\u015fmanl\u0131k hizmeti veriyoruz \u0130cra Hukuku \u2197 \u0130cra Hukuku alan\u0131nda ba\u015ftan a\u015fa\u011f\u0131 t\u00fcm s\u00fcre\u00e7lerde m\u00fcvekkillerimize hukuki dan\u0131\u015fmanl\u0131k hizmeti vermekteyiz Ceza Hukuku\u2197 Ceza Hukuku alan\u0131nda m\u00fcvekkillerimize en g\u00fcvenilir hizmeti sa\u011fl\u0131yoruz Aile Hukuku \u2197 Aile Hukuku alan\u0131nda geni\u015f bir alanda dan\u0131\u015fmanl\u0131k hizmeti vermekteyiz<\/p>\n","protected":false},"author":1,"featured_media":0,"parent":0,"menu_order":0,"comment_status":"closed","ping_status":"closed","template":"","meta":{"footnotes":""},"class_list":["post-15","page","type-page","status-publish","hentry"],"_links":{"self":[{"href":"https:\/\/seyhan.av.tr\/index.php?rest_route=\/wp\/v2\/pages\/15","targetHints":{"allow":["GET"]}}],"collection":[{"href":"https:\/\/seyhan.av.tr\/index.php?rest_route=\/wp\/v2\/pages"}],"about":[{"href":"https:\/\/seyhan.av.tr\/index.php?rest_route=\/wp\/v2\/types\/page"}],"author":[{"embeddable":true,"href":"https:\/\/seyhan.av.tr\/index.php?rest_route=\/wp\/v2\/users\/1"}],"replies":[{"embeddable":true,"href":"https:\/\/seyhan.av.tr\/index.php?rest_route=%2Fwp%2Fv2%2Fcomments&post=15"}],"version-history":[{"count":1,"href":"https:\/\/seyhan.av.tr\/index.php?rest_route=\/wp\/v2\/pages\/15\/revisions"}],"predecessor-version":[{"id":20,"href":"https:\/\/seyhan.av.tr\/index.php?rest_route=\/wp\/v2\/pages\/15\/revisions\/20"}],"wp:attachment":[{"href":"https:\/\/seyhan.av.tr\/index.php?rest_route=%2Fwp%2Fv2%2Fmedia&parent=15"}],"curies":[{"name":"wp","href":"https:\/\/api.w.org\/{rel}","templated":true}]}}